pose 12672 = -4*c - 2*w, l*c + 4*w + 0*w = -9514. Is (((-99)/(-6))/(-11))/(3/c) a composite number?
False
Suppose -173 = -27*o - 740. Is (-2)/(-21) - (5017/o - -4) prime?
False
Let x be 5 - (-8 - (-63)/7). Is (6/(-18))/(x/(-73956)) a prime number?
True
Suppose 5*x + 35777 = 209362. Is x prime?
False
Suppose 2*d = -5*s + 19, 3*s = -2*s + 25. Let n be ((-2436)/d - -3)/1. Suppose -2*y = -7*y + n. Is y a prime number?
True
Let w = 172099 + -43508. Is w a composite number?
False
Suppose -5*p + o - 125 = 0, -100 = 4*p - 38*o + 42*o. Let c be (-1 - 23)/((-2)/44). Let n = c - p. Is n a prime number?
False
Let k(x) = 8*x**3 - 144*x**2 - 8*x - 347. Is k(59) prime?
True
Let n(u) = u**2 - 1. Let v(c) = c**3 + 12*c**2 - 14*c + 7. Let q(a) = -2*n(a) + v(a). Suppose -r + 0*o - 14 = -3*o, -2*r - 8 = 4*o. Is q(r) a prime number?
False
Let t(d) = 399*d**2 + 64*d + 404. Is t(-13) composite?
False
Suppose 5*k = -4*v - v + 25, -4*k - 5*v + 22 = 0. Let s be (2 - k)/((-5)/2805). Suppose 3*t + 0*t = s. Is t a composite number?
True
Suppose 5*c = 5 + 20. Let j be (40/6 - c) + 1/3. Suppose j*w - 4431 = -w. Is w composite?
True
Suppose -5*z + 20 = 0, 5*c - 5*z - 47569 = 7291. Is c/6 - 6/18 a composite number?
True
Suppose -317 = -6*b + 109. Let d = b - 69. Suppose d*k = 3*x + 102, k + 3*x - 35 = 16. Is k composite?
True
Suppose -4*k - r + 28 = 0, 1 = 3*k + 2*r - 15. Let m be -1 + k + (-4 - -1). Is m/10 - (-4104)/15 composite?
True
Let z = 65 - 28. Suppose -43*v = -z*v + 10446. Let g = -318 - v. Is g a composite number?
False
Suppose 0 = -12*h - 2*h - 4*h + 42137262. Is h a prime number?
True
Let a be 7/((-35)/12)*-5. Suppose 45199 = -a*j + 23*j. Is j prime?
False
Let n(g) = 650*g - 2165. Is n(11) composite?
True
Let k be ((-12)/18)/(6/28233)*-3. Suppose 0 = -3*j - 4*i + 5665, 0 = -7*j + 12*j - i - k. Is j prime?
False
Let g(k) = -5 - 2 - 3 - 7 + 3164*k. Is g(1) a prime number?
False
Is (3/((-18)/4))/(((-440)/1808700)/11) composite?
True
Suppose -2*w = -g + 600893, -5*g = -8*g + 2*w + 1802703. Is g a prime number?
False
Let q = 24719 - -220638. Is q prime?
False
Suppose -o + 77 - 34 = 0. Let q = o + -43. Suppose -4*u + 1032 = 2*a, q = 4*a + 8. Is u prime?
False
Let n be (8/(-14))/((-20)/320810). Is n - 42 - (-1 + -2) a composite number?
False
Let u(z) = 26063*z + 8980. Is u(77) composite?
False
Suppose 123 - 98 = 5*s. Suppose -5*w - 10 = 5*h, 5*h - s*w - 21 = 19. Suppose 0 = -5*j + 3*n - 133 + 1083, 2*n + 571 = h*j. Is j composite?
True
Let p be ((-450)/3)/(((-27)/48)/(510/(-136))). Suppose -5*x + 3772 = -9123. Let k = p + x. Is k a prime number?
True
Suppose -5*x = -2*t + 18 + 10, 32 = 4*t - 4*x. Suppose 360 = 2*r - 5*s + 7*s, r - 186 = -t*s. Is r composite?
True
Suppose -4*x - 5*s = 122, 0 = 5*x - 3*x - 3*s + 72. Is 275190/66 - (-18)/x a prime number?
False
Let n be (968/(-10))/(9/((-45)/2)). Let i = n - -857. Is i composite?
True
Let v be (2 - 22)*(-20211)/12. Let n be v/(-15) - (-2)/3. Let u = n + 4824. Is u a prime number?
True
Let k(f) = -389*f**3 + 5*f**2 + 3*f - 6. Let g be k(4). Let s be g/(-7) + 6/(-21). Suppose -5*w - 29 = -s. Is w prime?
False
Suppose 0 = -3*s - 3*h + 9, s + 3*h + 0 = -3. Suppose 3*d - s*d = -120. Suppose 156 = 4*w - 2*x + d, -2*w + 66 = x. Is w prime?
True
Let v be (-3 - (-6)/(-2)) + 14. Suppose -15*s + 87239 = v*s. Is s composite?
False
Suppose 3*l + 1977 = 3*c, 0 = 13*c - 10*c + 5*l - 2017. Let h = c - 353. Is h prime?
True
Suppose 0 = -61*z + 12*z + 36*z + 4010071. Is z a prime number?
True
Let x = -10148 - -14231. Is x composite?
True
Let x = 4095 - 4092. Let g be (-1527)/2*4/(-6). Suppose i + 3*j = 533, -i + x*j = -0*i - g. Is i composite?
False
Suppose -1146321 = 3*p - 12*p. Is p a composite number?
True
Let y = 119 + -116. Suppose 0 = 3*w + 2*r, w + 3*r = -y*w - 1. Suppose -w*v - 3*t = -7670, 3*t = 18 - 6. Is v a prime number?
False
Suppose -975709 = 1598*s - 1605*s. Is s a prime number?
True
Let c = -120074 - -240445. Is c a prime number?
True
Suppose -o + 454525 = 5*y, 4*o = -12*y + 13*y - 90905. Is y prime?
False
Is (0 + (-20781)/(-18))*110 - 6 prime?
True
Let d = 442090 - -74509. Is d a prime number?
True
Let r(q) = q**2 + 20*q - 41. Let h be r(-22). Suppose 2*z + 135 = -h*z + b, -81 = 3*z - 2*b. Is (-100095)/(-27) + 6/z a composite number?
True
Is (-7 + 611735/20)*20/15 prime?
False
Let s = -115 - -192. Suppose 5 - s = 2*m. Let v = m - -73. Is v a prime number?
True
Is 624/(-40) + 16 - (-1942386)/10 composite?
False
Suppose 2*m - 419 = 3*g, -2*g = -5 - 1. Let r = 205 + m. Is r composite?
False
Suppose -t + 4*l = -22, -t - 3*t - 5*l = 17. Let f(x) = -t - 3 - 11*x + 8*x**2 - 4 + 9*x**2. Is f(-7) composite?
True
Let s = 191564 + 156237. Is s composite?
False
Let t(q) = 14*q**2 - 16*q + 55. Suppose 12 + 24 = 2*f. Is t(f) a composite number?
True
Suppose -d - c = 8 + 78, -3*d = 2*c + 254. Let x = d - -1125. Is x a prime number?
False
Let z(v) = 53*v + 102. Let w(i) = -i**3 - 6*i**2 - 4*i - 19. Let q be w(-6). Is z(q) composite?
False
Is ((9/24)/((-2)/(-4825048)))/((-198)/(-132)) a prime number?
True
Let r = 215789 + 334074. Is r a composite number?
False
Let k(f) = 6*f**2 - 23*f + 40. Let v(l) = l**2 - 5*l - 22. Let w be v(-7). Suppose -5*q = 4*h - 101, 4*h = -3*q + 3*h + w. Is k(q) a prime number?
True
Let i = 27 + -14. Let u(m) = 8*m**2 + 9. Is u(i) composite?
False
Let m(s) = -3*s**2 + 97*s - 73. Let k be m(32). Let g = 298 + k. Is g a composite number?
False
Suppose -2*j - 11 = -3*z + 13, 0 = 2*z + 4*j - 16. Let d(s) = -s**2 + 9*s - 13. Let o be d(z). Is 264 + 10/o + 0 prime?
False
Suppose -n - 8*t = -104334, -227111 = -3*n - 5*t + 85872. Is n prime?
False
Suppose 2*p = 15 + 59. Suppose 7 = -6*a + p. Suppose -2*w + 1304 = 2*u, a*u - 1319 = -w - w. Is w a composite number?
False
Let d be (-72)/48*4868/2. Let r = d + 5354. Is r prime?
False
Suppose 5 = 5*f, -4*f = 2*m - 8 - 522. Suppose 798 = 6*h - 1470. Let a = h + m. Is a prime?
True
Let p = -208 - 1121. Let t = p + 6071. Is t composite?
True
Let c = -2910628 - -5181695. Is c composite?
False
Suppose 2*s - 7 = o + 4*s, 0 = -2*o + 3*s + 14. Suppose 20 = 4*b + 3*t + o, -3*t = 9. Suppose b*u - 4*u = 1059. Is u composite?
False
Suppose 84*i - 336865 = 742871. Is i composite?
True
Let w(u) = 3*u**3 - u. Let l be w(1). Suppose 3*z = -3, i = -i + l*z + 196. Suppose -3*r + 221 + i = 0. Is r composite?
True
Suppose 34172 = 2*k - 4*y, 3*k - 2*y - 34170 = k. Suppose 2860 = -16*s + k. Is s prime?
False
Let y(q) = 51*q + 105*q + 7*q + 50*q + 149. Is y(24) a prime number?
True
Let w be -2 + (-99)/6*-2. Let i(t) = w*t + 5 + 5 + 132*t. Is i(7) composite?
False
Let r(z) = -z + 25. Let k be r(5). Let u be -5*3/k - 23698/8. Let g = 5166 + u. Is g a prime number?
True
Suppose -171*p + 54414456 = -69*p - 54504306. Is p prime?
True
Let c(t) = -2*t**2 + 23*t - 22. Let d be c(10). Suppose 7*r = 2*h + d*r - 24369, -h + 12181 = 4*r. Suppose 50*l - h = 45*l. Is l a composite number?
False
Let l(d) = 6732*d + 93. Let o be l(6). Suppose -9*n + o = -13236. Is n a prime number?
False
Suppose -17*n - 32*n + 3327995 = 6*n. Is n a prime number?
True
Suppose 0 = 5*m - 32 + 17. Suppose 4*j = -8, -2*n + n + m*j = -85. Let g = 82 + n. Is g a composite number?
True
Suppose 147843 = 3*o - 4*r, -r - 542050 = 67*o - 78*o. Is o a composite number?
False
Let j = -289715 - -575502. Is j prime?
False
Suppose 26 = -l - 23. Is 7/l - 1247/(-7) composite?
True
Let i(b) = 29*b**2 + 5*b + 5. Let q(u) = -30*u**2 - 5*u - 6. Let x = -27 + 20. Let k(v) = x*q(v) - 6*i(v). Is k(-5) a composite number?
False
Let j = -879 - -881. Suppose 25*u + 1989 = 5*s + 21*u, 2*s - j*u = 794. Is s a prime number?
True
Let v(a) = -38*a - 4. Let d(h) = h - 1. Let o(q) = -3*d(q) - v(q). Let y(w) = 34*w + 6. Let r(k) = 4*o(k) - 3*y(k). Is r(18) a prime number?
False
Let u = -7 + 10. Suppose 5*w - w = 20, -3*i - 48 = u*w. Let a(m) = -m**3 - 22*m**2 - 23*m + 11. Is a(i) prime?
True
Let q(i) = -i**3 + 5*i**2 - 9*i - 2. Suppose -16*z = -11*z - 45. Let l be q(z). Let w = l + 994. Is w a composite number?
False
Suppose -x - 5*m + 0*m = -1, -9 = -2*x - 3*m. Let i(c) = 284*c - 47. Is i(x) composite?
False
Let t = 20751 + 31282. Is t composite?
True
Let q(t) = -22*t**3 + 3*t**2 + 7*t + 5. Let h(w) = 8*w + 3. Let d be h(-1). Let r be q(d). Suppose 3*p + r = 776